e 15, what is 18050 + 10?
18060
In base 12, what is -8 - 2b51b?
-2b527
In base 5, what is 204 + 111240?
111444
In base 11, what is -1 - -11535?
11534
In base 8, what is 1207 - 403?
604
In base 2, what is 1110100110001111110 + 10?
1110100110010000000
In base 9, what is 38 + 5641?
5680
In base 5, what is 2 - -1132124?
1132131
In base 5, what is 10403 + 11013?
21421
In base 13, what is -5 - -41aa?
41a5
In base 7, what is -216 - 1552?
-2101
In base 2, what is -110110111110101 + -101?
-110110111111010
In base 4, what is -313313210 + 1?
-313313203
In base 13, what is 153417 + -2?
153415
In base 5, what is 103432 + 134?
104121
In base 2, what is -11111001110010100 + 10?
-11111001110010010
In base 7, what is -6 - 42304?
-42313
In base 5, what is 1004 - -30143?
31202
In base 13, what is -896 + -8?
-8a1
In base 9, what is 3 + 156477?
156481
In base 11, what is 6 - -11a?
125
In base 11, what is -38a1 - -25?
-3877
In base 8, what is 1 + -1411323?
-1411322
In base 3, what is 2221120 - -1210?
10000100
In base 11, what is 979 - 5?
974
In base 10, what is -78 + -57689?
-57767
In base 15, what is -3 + b35cc?
b35c9
In base 16, what is -e - 4ed1?
-4edf
In base 4, what is 11220003012 - -10?
11220003022
In base 7, what is 33330 + -1?
33326
In base 15, what is 4 - -2817?
281b
In base 15, what is 7182 + -2?
7180
In base 9, what is -5 + -7475?
-7481
In base 12, what is 46110 - 3?
46109
In base 14, what is dc9d - 4?
dc99
In base 14, what is -26 + -17?
-3d
In base 16, what is -37fa + a?
-37f0
In base 10, what is 3 + -513541?
-513538
In base 7, what is 25452 - 3?
25446
In base 6, what is -155345 - -10?
-155335
In base 11, what is -a56 - -312?
-744
In base 3, what is -12 - 1112112121?
-1112112210
In base 10, what is -10132 + 34?
-10098
In base 9, what is 175830 + -26?
175803
In base 14, what is -ab - 1b7?
-284
In base 16, what is -1b + -b992?
-b9ad
In base 6, what is 124 + -2505?
-2341
In base 14, what is -6148 + 4?
-6144
In base 16, what is -38 + -27?
-5f
In base 6, what is -551 + 302?
-245
In base 10, what is -121 + -46?
-167
In base 3, what is 2 - -121020220?
121020222
In base 7, what is 405 + 30305?
31013
In base 6, what is -3 + -50452?
-50455
In base 8, what is 420 + -505?
-65
In base 12, what is 87 - -142?
209
In base 16, what is 1c0c - -5?
1c11
In base 12, what is b7 + 9?
104
In base 15, what is 2 - -12a16?
12a18
In base 12, what is -42198 - 2?
-4219a
In base 8, what is 4 + 32655?
32661
In base 6, what is -14 + -10025?
-10043
In base 4, what is -1 - -302221?
302220
In base 3, what is 10011 - -22100?
102111
In base 13, what is -25 + -260?
-285
In base 15, what is -453 - -dd?
-365
In base 11, what is -10 - 1365?
-1375
In base 14, what is b - -2cb29?
2cb36
In base 3, what is 21 - 11111121?
-11111100
In base 11, what is -a5 + 199?
a4
In base 5, what is -30 + -33014?
-33044
In base 3, what is 111112112 + -10002?
111102110
In base 9, what is -3 + -104781?
-104784
In base 10, what is -117 + 19579?
19462
In base 2, what is 100101 - -1110000010100101?
1110000011001010
In base 6, what is -21 + -344213?
-344234
In base 7, what is 2 + 126364?
126366
In base 14, what is -1b - 22d6?
-2313
In base 8, what is -365214 - 3?
-365217
In base 3, what is 12020101 + -221000?
11022101
In base 12, what is 1a + 4164?
4182
In base 2, what is 1001000101 + 110001?
1001110110
In base 8, what is 11 - 604537?
-604526
In base 12, what is -5 + -3344b?
-33454
In base 10, what is 1 + -5218?
-5217
In base 8, what is -44 - 655?
-721
In base 15, what is 7 + 1d2?
1d9
In base 15, what is -1 + 943c?
943b
In base 8, what is -17632 + 31?
-17601
In base 4, what is 1 + -11001333?
-11001332
In base 4, what is 312010 + 33110?
1011120
In base 12, what is 85b51 + 2?
85b53
In base 14, what is 2c3db - 3b?
2c3a0
In base 11, what is 11 + -aa71?
-aa60
In base 6, what is 2135 + 521?
3100
In base 15, what is 7 - -12c7?
12ce
In base 3, what is 0 - -21102111?
21102111
In base 8, what is 2 + 3343?
3345
In base 8, what is 7 - -451002?
451011
In base 11, what is -29133 + -8?
-29140
In base 16, what is -5 - 198d?
-1992
In base 3, what is 11201112 - 2?
11201110
In base 13, what is 99 + -1227?
-115b
In base 12, what is 46 - -18a?
214
In base 14, what is -b37 + 6d6?
-441
In base 12, what is -1b53 - 14?
-1b67
In base 12, what is 3 - 74928?
-74925
In base 13, what is -a2 + -1629?
-16cb
In base 6, what is 2 + 445434?
445440
In base 4, what is 123133 - 13?
123120
In base 10, what is -2 - -186677?
186675
In base 6, what is -52 + -20330?
-20422
In base 14, what is 241 - 13bb?
-117a
In base 10, what is 33 - -3814?
3847
In base 13, what is -152a2 - 1?
-152a3
In base 14, what is -c90 + 2?
-c8c
In base 10, what is -917 - 2961?
-3878
In base 14, what is 16 + -9421?
-9409
In base 15, what is 30 + b0a9?
b0d9
In base 15, what is 12 - a2?
-90
In base 8, what is 6750 + 40?
7010
In base 16, what is -13a6b - -3?
-13a68
In base 4, what is -20 + -311123?
-311203
In base 8, what is 173 + -4676?
-4503
In base 6, what is 21545530 - 2?
21545524
In base 9, what is -10 + 4838?
4828
In base 6, what is 12 - -1333?
1345
In base 14, what is 19a6 - 24?
1982
In base 16, what is -8293 - 3?
-8296
In base 7, what is -4533 - -250?
-4253
In base 11, what is 3 + 998a?
9992
In base 14, what is 138 - 1232?
-10d8
In base 7, what is -3 - -530251?
530245
In base 14, what is 1 - -4a3?
4a4
In base 5, what is -3 + -12021233?
-12021241
In base 4, what is -3300322 - -22?
-3300300
In base 7, what is 1 - -3022462?
3022463
In base 11, what is 16a5 + 313?
1a08
In base 14, what is 2bb6 - -a?
2bc2
In base 15, what is 6 - -2cc6?
2ccc
In base 3, what is -12 + -1101120011?
-1101120100
In base 11, what is 25 + 64439?
64463
In base 13, what is -474 + -39?
-4b0
In base 3, what is -10112 - -12201120?
12121001
In base 2, what is -1111000000011 + 10101011?
-1110101011000
In base 3, what is -211110022 - -1100?
-211101222
In base 7, what is -13135 + 53?
-13052
In base 16, what is 5 - -2c3a?
2c3f
In base 7, what is 1 - -115166?
115200
In base 15, what is 45b8 + 11?
45c9
In base 7, what is 313604 - 4?
313600
In base 8, what is 1134304 + 3?
1134307
In base 14, what is 76 - -62c4?
635a
In base 14, what is -1 - 74a54?
-74a55
In base 6, what is -123 + -3123?
-3250
In base 6, what is 32152522 + -1?
32152521
In base 8, what is 665402 - 5?
665375
In base 12, what is -5 + -8460?
-8465
In base 12, what is -1 - -32ba8?
32ba7
In base 7, what is 4 - -120544?
120551
In base 5, what is -2 + -4001112?
-4001114
In base 9, what is 5 - 54440?
-54434
In base 2, what is -101011001111100 - 1011?
-101011010000111
In base 6, what is -1114 + 10544?
5430
In base 7, what is 15 + -22261?
-22243
In base 14, what is 291 - -7d2?
a83
In base 2, what is 101 - 100111100011100?
-100111100010111
In base 7, what is -12550064 - -3?
-12550061
In base 5, what is 11 - -1100004?
1100020
In base 3, what is 10110 - -1021200100?
1021210210
In base 16, what is -2e0bf + 3?
-2e0bc
In base 13, what is -119 + 3092?
2c76
In base 16, what is 2598fc - 4?
2598f8
In base 10, what is 643 - 1245?
-602
In base 15, what is e8e + 1?
e90
In base 2, what is -1000010 + -10010?
-1010100
In base 6, what is 104 - 323422?
-323314
In base 14, what is 1c - -84?
a2
In base 6, what is -53524 + 125?
-53355
In base 12, what is 3b9b + 1a?
3bb9
In base 15, what is -23 - -1b1?
18d
In base 4, what is -12 + -1001113301?
-1001113313
In base 14, what is 12134 - -34?
12168
In base 13, what is -1 - -12617?
12616
In base 15, what is -6ae + -14?
-6c3
In base 15, what is -37 - -328?
2e1
In base 11, what is -1 + -3435?
-3436
In base 14, what is -54 + -c8d4?
-c948
In base 5, what is -32122 + 20?
-32102
In base 5, what is 10301301 + -10?
10301241
In base 15, what is 3ae1d + -5?
3ae18
In base 7, what is -3 + 1020366?
1020363
In base 15, what is -66b + -91?
-70c
In base 11, what is -2616 + -57?
-2672
In base 15, what is -4d0 - -66a?
18a
In base 16, what is 2a060 + -4?
2a05c
In base 3, what is 121200 - 10022?
111101
In base 6, what is -23 + -100101?
-100124
In base 2, what is 110000010 + 10010001010?
11000001100
In base 10, what is 4 + -15111?
-15107
In base 6, what is -21 + -5550?
-10011
In base 2, what is 101111111011 + -101011110?
101010011101
In base 8, what is 1064565 + 2?
1064567
In base 5, what is -3112 + -1213?
-4330
In base 4, what is 133211 - 33333?
33212
In base 6, w